{"id":2930,"date":"2020-04-15T15:45:11","date_gmt":"2020-04-15T13:45:11","guid":{"rendered":"http:\/\/ursulinska-cerkev-lj-sv-trojica.rkc.si\/?page_id=2930"},"modified":"2023-11-20T10:45:34","modified_gmt":"2023-11-20T09:45:34","slug":"sakralni-abonma-2019-20","status":"publish","type":"page","link":"https:\/\/ursulinska-cerkev-lj-sv-trojica.rkc.si\/?page_id=2930","title":{"rendered":"SAKRALNI ABONMA 2023\/24"},"content":{"rendered":"\n<figure class=\"wp-block-image size-large\"><img loading=\"lazy\" decoding=\"async\" width=\"469\" height=\"469\" src=\"http:\/\/ursulinska-cerkev-lj-sv-trojica.rkc.si\/wp-content\/uploads\/image.png\" alt=\"\" class=\"wp-image-3403\" srcset=\"https:\/\/ursulinska-cerkev-lj-sv-trojica.rkc.si\/wp-content\/uploads\/image.png 469w, https:\/\/ursulinska-cerkev-lj-sv-trojica.rkc.si\/wp-content\/uploads\/image-300x300.png 300w, https:\/\/ursulinska-cerkev-lj-sv-trojica.rkc.si\/wp-content\/uploads\/image-150x150.png 150w\" sizes=\"(max-width: 469px) 100vw, 469px\" \/><\/figure>\n\n\n\n<h2 class=\"wp-block-heading\">PROGRAM KONCERTOV V SEZONI 2023\/24<\/h2>\n\n\n\n<p>Vsi koncerti bodo v ur\u0161ulinski cerkvi Sv. Trojice v Ljubljani<\/p>\n\n\n\n<h2 class=\"wp-block-heading\">1.<\/h2>\n\n\n\n<p>sreda, 11. oktober 2023 ob 19.30<\/p>\n\n\n\n<p>Pia Brodnik, sopran<br>Rebeka Dobravec, orgle<\/p>\n\n\n\n<p><em>Program:\u00a0<strong>Duhovni samospev \u2013 uglasbena poezija Cvetane Priol in Matere Terezije<\/strong>\u00a0izpod peres slovenskih skladateljev<br>U. Ja\u0161ovec, T. Bec, D. Novak, R. Kamplet, T. Habet in M. Fegu\u0161<\/em><\/p>\n\n\n\n<h2 class=\"wp-block-heading\">2.<\/h2>\n\n\n\n<p>sreda, 22. november 2023 ob 19.30<\/p>\n\n\n\n<p>Francka \u0160enk, sopran<br>Lucas Somoza Osterc, bariton<br>Simfoni\u010dni orkester Crescendo<br>\u017diga Kert, dirigent<br>gostja: Bernarda Fink, mezzosopran<\/p>\n\n\n\n<p><em>Program: A. Vivaldi: GLORIA RV 589; J. K. Dolar: MISSA VILLAN<\/em><\/p>\n\n\n\n<p><em>Program:\u00a0<strong>Laudamus Te<\/strong>\u00a0<strong>\u2013 biseri sakralne glasbe<\/strong><br>J. S. Bach, G. F. H\u00e4ndel, A. Vivaldi, F. Mendelssohn Bartholdy, W. Gomez, F. Gruber, M. Tomc, A. Misson<\/em><\/p>\n\n\n\n<h2 class=\"wp-block-heading\">3.<\/h2>\n\n\n\n<p>sreda, 3. januar 2024 ob 19.30<\/p>\n\n\n\n<p>APZ France Pre\u0161eren Kranj<br>pihalni kvintet in harfa<br>Erik \u0160mid, dirigent<\/p>\n\n\n\n<p><em>Program: G.Tartini, A. Vivaldi, J. S. Bach, Ch. W. <\/em><\/p>\n\n\n\n<p><em>Program:\u00a0<strong>Iter Stellae Natalis<\/strong>\u00a0<strong>\u2013 potovanje bo\u017ei\u010dne zvezde<\/strong><br>novo glasbeno delo skladatelja Tineta BecaGluck, D. B\u00e9dard in A. P\u00e4rt<\/em><\/p>\n\n\n\n<h2 class=\"wp-block-heading\">4.<\/h2>\n\n\n\n<p>februar 2024 ob 19.30<\/p>\n\n\n\n<p><em><em>Program:\u00a0\u00a0v pripravi<\/em><\/em><\/p>\n\n\n\n<h2 class=\"wp-block-heading\">5.<\/h2>\n\n\n\n<p>sreda, marec 2024 ob 19.30<\/p>\n\n\n\n<p>Komorni zbor DEKOR<\/p>\n\n\n\n<p><em><em>Program:\u00a0v pripravi<\/em><\/em><\/p>\n\n\n\n<h2 class=\"wp-block-heading\">6.<\/h2>\n\n\n\n<p>sreda, 24. april 2024 ob 19.30<\/p>\n\n\n\n<p>Komorni zbor Konservatorija za glasbo in balet v Ljubljani<br>Ambro\u017e \u010copi, dirigent<\/p>\n\n\n\n<p><em><em>Program:\u00a0v pripravi<\/em><\/em><\/p>\n\n\n\n<h2 class=\"wp-block-heading\">7.<\/h2>\n\n\n\n<p>sreda, 29. maj 2024 ob 19.30<\/p>\n\n\n\n<p>Nova Schola Labacensis<br>Boris \u0160inigoj, umetni\u0161ki vodja<\/p>\n\n\n\n<p><em><em>Program:\u00a0<strong>Alle psallite cum luya<\/strong>\u00a0\u2013 duhovne pesmi visokega srednjega veka<\/em><\/em><\/p>\n\n\n\n<p><\/p>\n","protected":false},"excerpt":{"rendered":"<p>PROGRAM KONCERTOV V SEZONI 2023\/24 Vsi koncerti bodo v ur\u0161ulinski cerkvi Sv. Trojice v Ljubljani 1. sreda, 11. oktober 2023 ob 19.30 Pia Brodnik, sopranRebeka Dobravec, orgle Program:\u00a0Duhovni samospev \u2013 uglasbena poezija Cvetane Priol in Matere Terezije\u00a0izpod peres slovenskih skladateljevU. Ja\u0161ovec, T. Bec, D. Novak, R. Kamplet, T. Habet in M. Fegu\u0161 2. sreda, 22. [&hellip;]<\/p>\n","protected":false},"author":3,"featured_media":0,"parent":0,"menu_order":0,"comment_status":"closed","ping_status":"closed","template":"","meta":{"footnotes":""},"_links":{"self":[{"href":"https:\/\/ursulinska-cerkev-lj-sv-trojica.rkc.si\/index.php?rest_route=\/wp\/v2\/pages\/2930"}],"collection":[{"href":"https:\/\/ursulinska-cerkev-lj-sv-trojica.rkc.si\/index.php?rest_route=\/wp\/v2\/pages"}],"about":[{"href":"https:\/\/ursulinska-cerkev-lj-sv-trojica.rkc.si\/index.php?rest_route=\/wp\/v2\/types\/page"}],"author":[{"embeddable":true,"href":"https:\/\/ursulinska-cerkev-lj-sv-trojica.rkc.si\/index.php?rest_route=\/wp\/v2\/users\/3"}],"replies":[{"embeddable":true,"href":"https:\/\/ursulinska-cerkev-lj-sv-trojica.rkc.si\/index.php?rest_route=%2Fwp%2Fv2%2Fcomments&post=2930"}],"version-history":[{"count":4,"href":"https:\/\/ursulinska-cerkev-lj-sv-trojica.rkc.si\/index.php?rest_route=\/wp\/v2\/pages\/2930\/revisions"}],"predecessor-version":[{"id":3408,"href":"https:\/\/ursulinska-cerkev-lj-sv-trojica.rkc.si\/index.php?rest_route=\/wp\/v2\/pages\/2930\/revisions\/3408"}],"wp:attachment":[{"href":"https:\/\/ursulinska-cerkev-lj-sv-trojica.rkc.si\/index.php?rest_route=%2Fwp%2Fv2%2Fmedia&parent=2930"}],"curies":[{"name":"wp","href":"https:\/\/api.w.org\/{rel}","templated":true}]}}

<figure class="wp-block-image size-large"><img loading="lazy" decoding="async" width="469" height="469" src="http://ursulinska-cerkev-lj-sv-trojica.rkc.si/wp-content/uploads/image.png" alt="" class="wp-image-3403" srcset="https://ursulinska-cerkev-lj-sv-trojica.rkc.si/wp-content/uploads/image.png 469w, https://ursulinska-cerkev-lj-sv-trojica.rkc.si/wp-content/uploads/image-300x300.png 300w, https://ursulinska-cerkev-lj-sv-trojica.rkc.si/wp-content/uploads/image-150x150.png 150w" sizes="(max-width: 469px) 100vw, 469px" /></figure>



<h2 class="wp-block-heading">PROGRAM KONCERTOV V SEZONI 2023/24</h2>



<p>Vsi koncerti bodo v uršulinski cerkvi Sv. Trojice v Ljubljani</p>



<h2 class="wp-block-heading">1.</h2>



<p>sreda, 11. oktober 2023 ob 19.30</p>



<p>Pia Brodnik, sopran<br>Rebeka Dobravec, orgle</p>



<p><em>Program: <strong>Duhovni samospev – uglasbena poezija Cvetane Priol in Matere Terezije</strong> izpod peres slovenskih skladateljev<br>U. Jašovec, T. Bec, D. Novak, R. Kamplet, T. Habet in M. Feguš</em></p>



<h2 class="wp-block-heading">2.</h2>



<p>sreda, 22. november 2023 ob 19.30</p>



<p>Francka Šenk, sopran<br>Lucas Somoza Osterc, bariton<br>Simfonični orkester Crescendo<br>Žiga Kert, dirigent<br>gostja: Bernarda Fink, mezzosopran</p>



<p><em>Program: A. Vivaldi: GLORIA RV 589; J. K. Dolar: MISSA VILLAN</em></p>



<p><em>Program: <strong>Laudamus Te</strong> <strong>– biseri sakralne glasbe</strong><br>J. S. Bach, G. F. Händel, A. Vivaldi, F. Mendelssohn Bartholdy, W. Gomez, F. Gruber, M. Tomc, A. Misson</em></p>



<h2 class="wp-block-heading">3.</h2>



<p>sreda, 3. januar 2024 ob 19.30</p>



<p>APZ France Prešeren Kranj<br>pihalni kvintet in harfa<br>Erik Šmid, dirigent</p>



<p><em>Program: G.Tartini, A. Vivaldi, J. S. Bach, Ch. W. </em></p>



<p><em>Program: <strong>Iter Stellae Natalis</strong> <strong>– potovanje božične zvezde</strong><br>novo glasbeno delo skladatelja Tineta BecaGluck, D. Bédard in A. Pärt</em></p>



<h2 class="wp-block-heading">4.</h2>



<p>februar 2024 ob 19.30</p>



<p><em><em>Program:  v pripravi</em></em></p>



<h2 class="wp-block-heading">5.</h2>



<p>sreda, marec 2024 ob 19.30</p>



<p>Komorni zbor DEKOR</p>



<p><em><em>Program: v pripravi</em></em></p>



<h2 class="wp-block-heading">6.</h2>



<p>sreda, 24. april 2024 ob 19.30</p>



<p>Komorni zbor Konservatorija za glasbo in balet v Ljubljani<br>Ambrož Čopi, dirigent</p>



<p><em><em>Program: v pripravi</em></em></p>



<h2 class="wp-block-heading">7.</h2>



<p>sreda, 29. maj 2024 ob 19.30</p>



<p>Nova Schola Labacensis<br>Boris Šinigoj, umetniški vodja</p>



<p><em><em>Program: <strong>Alle psallite cum luya</strong> – duhovne pesmi visokega srednjega veka</em></em></p>



<p></p>

<p>PROGRAM KONCERTOV V SEZONI 2023/24 Vsi koncerti bodo v uršulinski cerkvi Sv. Trojice v Ljubljani 1. sreda, 11. oktober 2023 ob 19.30 Pia Brodnik, sopranRebeka Dobravec, orgle Program: Duhovni samospev – uglasbena poezija Cvetane Priol in Matere Terezije izpod peres slovenskih skladateljevU. Jašovec, T. Bec, D. Novak, R. Kamplet, T. Habet in M. Feguš 2. sreda, 22. [&hellip;]</p>
